u - 4*z, 517 = l*u + 3*z - 2*z. Suppose 4*n = 4*a + u, 4*n = -2*a + 36 + 242. What are the prime factors of n?
2, 17
Suppose 6 - 4 = 3*p - w, p + w = -2. Suppose -2*x = 4, 5*s + 4*x + p = 12. Suppose 0 = -2*c + s*q + 342, c - 161 = 3*q - 6*q. What are the prime factors of c?
167
Let f = 11701 - 6538. What are the prime factors of f?
3, 1721
Suppose -63*z = -53*z - 360. Suppose 0 = 28*k - z*k + 64. List the prime factors of k.
2
Let h = -155 - -68. Let x = h - -152. List the prime factors of x.
5, 13
Let q = 231 + -117. List the prime factors of (q/12 - 8)/((-1)/(-10)).
3, 5
Let n(c) = 3286*c - 10. Let d be n(1). Suppose 9*j = 7236 + d. What are the prime factors of j?
2, 73
Let d(f) be the second derivative of 2*f**5/15 - f**4/6 - 4*f**3 + 22*f. Let m(l) be the second derivative of d(l). List the prime factors of m(8).
2, 31
Let x(w) = 61*w**2 - 199*w + 31. List the prime factors of x(-14).
11, 17, 79
Let t = 7189 + -7136. What are the prime factors of t?
53
Let x(m) = 38*m**2 + 5*m + 7. Suppose 0 = 4*j + 5*t - 7*t + 24, -1 = -j - 3*t. Let d be x(j). Suppose 12*w = 16*w - d. List the prime factors of w.
233
Suppose -v + 384333 = 5*d, 4*d + 2*v - 120657 - 186813 = 0. List the prime factors of d.
2, 3, 23, 557
Suppose 4*a - 479 = 241. Let c = a + 457. List the prime factors of c.
7, 13
List the prime factors of -24*2/((-256)/(-27792))*(-8)/6.
2, 3, 193
Let g = 160 + -155. List the prime factors of 242235/252 - g/4.
2, 3, 5
Suppose 180 = 2*n + 8*n. Suppose n*u = 498 + 18348. List the prime factors of u.
3, 349
Suppose 0 = -566*f + 299*f + 284*f - 973505. List the prime factors of f.
5, 13, 881
Let q(j) = j**3 - 4*j**2 - 12*j + 3. Let t be q(-2). Suppose -t*p + 1708 = 3*b + 2*p, -p = -2. What are the prime factors of b?
2, 283
Let y(d) = -2*d**3 + 7*d**2 + 18*d - 2. Let a be y(5). Suppose 15*h = a*h + 816. What are the prime factors of h?
2, 3, 17
Let x(v) be the first derivative of v**2/2 + 43*v - 79. List the prime factors of x(-8).
5, 7
Let n = 96999 + -68927. What are the prime factors of n?
2, 11, 29
Let r(d) = d**3 - 5*d**2 - 8*d + 15. Let p = -67 + 73. Let z be r(p). Suppose -61 = -3*j - 4*w, -60 = -z*j + 4*w - 7*w. List the prime factors of j.
19
List the prime factors of 26030 + (21 - 15) + 8.
2, 17, 383
List the prime factors of 37066/2 - (-237 - -247).
18523
Suppose -8714243 = -632*u + 3635037. What are the prime factors of u?
2, 5, 977
Let f(u) = -1. Let w(s) = 10*s - 26. Let h = -90 - -91. Let c(x) = h*w(x) - 5*f(x). List the prime factors of c(8).
59
Let o(m) = -1749*m**3 + 18*m + 52. List the prime factors of o(-3).
47221
Let j(p) = 60*p**2 + 87*p - 610. List the prime factors of j(8).
2, 13, 151
Let n be 6/(-2)*(8 + 140/(-15)). Suppose n*p - 447 = 4209. What are the prime factors of p?
2, 3, 97
Let w(u) = 22*u**2 + 3*u + 1. Suppose -2*s = 5*z - 23, -3*s + 34 = 4*z - 18. Let k = 22 - s. What are the prime factors of w(k)?
83
Suppose 2*p + 144 = z - 41, 3*p - 4*z + 270 = 0. Let k = 140 - p. List the prime factors of k.
2, 3, 13
Let g(q) = 76*q + 74. Let z be g(-7). List the prime factors of z*2*(0 + (-3)/6).
2, 229
Suppose -4*c + 121 = -99. Suppose 2*z - 130 = z + q, 3*z - 394 = 5*q. Let w = z - c. List the prime factors of w.
73
Let m(p) = p**3 - p**2 - 1. Let q(o) = 5*o**3 - 33*o**2 - 66. Let c(z) = 4*m(z) - q(z). List the prime factors of c(29).
2, 31
Let h be 2/(-8) + 253/4. Let d = h + 66. Suppose 4*w - d = -w - 3*y, 4*w = 2*y + 90. What are the prime factors of w?
2, 3
Let r be 32/(-80) - (-17)/5. Let f be 912/36*r/2. Suppose -f - 1302 = -10*m. List the prime factors of m.
2, 67
Let t(d) = 8*d**3 - 11*d**2 + 13*d - 1. Suppose 13*n + 5*n - 54 = 0. What are the prime factors of t(n)?
5, 31
Let q(g) = g**2 - 18*g - 210. Let i = 110 + -138. What are the prime factors of q(i)?
2, 7, 11
Suppose -h + 10 = -2*j + 3*h, j = 5*h - 8. Let g be 4/6*-9 + j. What are the prime factors of (94/8)/(g/(-8) + -1)?
2, 47
Suppose 9*z - 6843 = 402. Suppose -10*p + z = 335. Suppose p = 4*q - 297. What are the prime factors of q?
2, 43
Let v = 42 + 287. Let z(m) = 2*m**3 + 15*m**2 + 2*m + 83. Let q be z(-8). Suppose w = -q*f + 191, f - 6*f = -w - v. What are the prime factors of f?
5, 13
Suppose 22*b + 486 = 24*b. Suppose b*r + 1480 = 247*r. What are the prime factors of r?
2, 5, 37
Let t(n) be the first derivative of n**4/2 - n**3 + 3*n**2/2 - 5*n - 16. Let m be t(2). Suppose 3*s - 151 = m. What are the prime factors of s?
2, 13
Let o(h) be the first derivative of h**4/4 - 7*h**3/3 + 11*h**2/2 - 27*h + 39. Let y be o(6). Suppose -603 = -12*d + y*d. List the prime factors of d.
67
Let b = 191 - 187. Let s(c) = -182*c + 8. Let u be s(-2). Suppose -8*q = b*m - 3*q - u, 0 = 5*m + q - 444. List the prime factors of m.
2, 11
Let u(n) = 6*n**2 + 19*n - 95. Let r(k) = -13*k**2 - 38*k + 191. Let x(m) = 3*r(m) + 7*u(m). List the prime factors of x(-27).
2, 7, 113
Let r be 2*(3/6 + 1). Let k be (20/r)/((-4)/12). List the prime factors of ((-74)/(-2) - 0)/(k/(-160)).
2, 37
Suppose z - 2*o - 6196 = o, 24736 = 4*z - 4*o. List the prime factors of z.
2, 3089
Let b = 15520 - 10686. Let l = b - 3317. What are the prime factors of l?
37, 41
Let y(p) = 3*p**3 - 59*p**2 - 18*p - 28. Let r be y(20). What are the prime factors of 4677/r + (-2)/(-8)?
2, 3, 5, 13
Let f(a) = -a**2 - 3*a + 5. Let p be f(-4). Let o(k) = 175*k**3 + 2*k**2 - 1. Let h be o(p). List the prime factors of (-6)/(1 - 188/h).
2, 11
Let b(c) be the first derivative of -5*c**2 - 40*c - 87. List the prime factors of b(-8).
2, 5
Suppose o = 5*v - 31, 3*o = -5*v + 30 + 17. Suppose 952 = v*h + 287. List the prime factors of h.
5, 19
Suppose -3 = -h, 15 = 3*w - 6*h + 3*h. Suppose 2*s = 2*s - w*s. Suppose s = 5*g + d + 2*d - 422, 0 = -5*d + 20. What are the prime factors of g?
2, 41
List the prime factors of (-6689 - -9)*(3 + 561/(-44)).
2, 3, 5, 13, 167
Suppose -70*n + 71*n = 135. Suppose n = 8*d - 585. Let z = d - 80. What are the prime factors of z?
2, 5
Suppose 0 = -p - 9*p + 440. Suppose 38*s - p*s + 3798 = 0. What are the prime factors of s?
3, 211
Suppose 3*s = 2*s + 3. Suppose -5*g + 822 = -s*h, 3*h = -6*g + 2*g - 795. Let v = h - -426. What are the prime factors of v?
157
Suppose -4*s + 93 = 129. What are the prime factors of (-630)/s*4/20*106?
2, 7, 53
Let j = -15980 - -53273. List the prime factors of j.
3, 31, 401
Let v(y) = 7*y**2 + 34*y + 25. Suppose 14*i + 23 + 103 = 0. List the prime factors of v(i).
2, 11, 13
Suppose 2*l + 4*t - 7 = 323, -l - 4*t + 173 = 0. Let w = l - -113. List the prime factors of w.
2, 3, 5
Suppose 26*u - 24*u = 86. Let j = u - -363. List the prime factors of j.
2, 7, 29
What are the prime factors of (2927 + (-1 - -2))*(-228)/(-304)?
2, 3, 61
Let m be (-4 - 2 - -7)*199. Let t = 308 - m. List the prime factors of t.
109
Suppose 3*t = -5*g - 3310, -3*g - 2*g - 3315 = 2*t. Let d = -376 - g. What are the prime factors of d?
17
Let s = 43 - 41. Suppose r + 33 = -s*r. Let y(v) = -v + 22. List the prime factors of y(r).
3, 11
Suppose 48*l + 79*l = 932053. List the prime factors of l.
41, 179
Suppose -2*z + 26 = 3*h, 2*z + 10 - 44 = -5*h. Suppose z*b - 8352 = -5*b. What are the prime factors of b?
2, 3, 29
Suppose -3*x - 11 = -14*x. Let n = 10 + x. Suppose -132 = n*d - 15*d. What are the prime factors of d?
3, 11
Let y = 19221 + -1763. List the prime factors of y.
2, 7, 29, 43
Suppose -4*n + 2*i - 50 = 0, 14*n = 15*n + 5*i + 7. Let l(u) = -55*u - 227. List the prime factors of l(n).
433
Let k(l) = 2*l + 16. Let x = -126 - -119. Let i be k(x). List the prime factors of (i*67)/((-18)/(-36)).
2, 67
Let b(j) = 40*j**2 - 39*j + 40. Let l(w) = -14*w**2 + 13*w - 13. Let g(y) = 3*b(y) + 8*l(y). List the prime factors of g(-9).
11, 71
Suppose -2*j - 34 = -3*x, 5*j - 6*j = -3*x + 35. Suppose q + x = 5*q. Suppose 0 = y + p - 32, -3*y + 8*y - q*p - 184 = 0. What are the prime factors of y?
5, 7
Suppose 0 = -2*c + 44 - 116. Let z be 136/(-12)*c/(-6). Let t = z + 280. What are the prime factors of t?
2, 53
Let o(d) = 775 + 818 - 136 - 10*d - 262 + 68. What are the prime factors of o(0)?
3, 421
Suppose -36 = -4*x, 132999 = -17*p + 19*p + 3*x. What are the prime factors of p?
2, 3, 7, 1583
Let j = 71 + -11. Suppose -2*t + f - 6*f + j = 0, 3*f - 60 = -2*t. Let a = t + 27. What are the prime fa